st the prime factors of g.
2, 3
Let l = -174 - -183. Suppose -2784 = -l*r + 1221. List the prime factors of r.
5, 89
Let r be (6/4)/(196/(-192) - -1). Let u be (-4112)/(-14) + (2 - r/(-42)). Suppose 3*i = -0*i + 5*j + u, -2*i + 171 = 5*j. List the prime factors of i.
3, 31
Suppose 0 = -4*m + 3*d - 19, -22*d + 26*d = -3*m - 33. List the prime factors of (m + (-1494)/24)/(2/(-16)).
2, 277
Let y(l) = 5*l**2 - 29*l + 54. Let h be y(13). Suppose 22*d = 25*d - h. What are the prime factors of d?
2, 3, 29
Suppose 0 = -2*l + 5*j + 58 - 13, 9 = l + 2*j. Suppose -p - 3*y - 148 = 0, -113 = -4*p - 2*y - 755. Let f = l - p. List the prime factors of f.
2, 89
Let r(y) = -y**3 + 72*y**2 - 197*y + 974. What are the prime factors of r(52)?
2, 5, 4481
Let c be (20/(-30))/(2/(-6)). Let b be 70/(-20)*(-55 - -3). Suppose 3*x + b = 4*x + c*d, -3*x + 546 = 5*d. What are the prime factors of x?
2, 7, 13
Let i(o) = 104*o**2 - 10*o + 1. Let p be i(1). List the prime factors of 15442/10 - (-76)/p.
3, 5, 103
Let w(u) = 3*u**3 - 6*u**2 - 3*u + 15. Let v(i) = i**3 - 11*i**2 - 6*i - 66. Let q be v(12). List the prime factors of w(q).
3, 11, 13
Suppose -2*z - 3*y = -30, -5*y = 11*z - 15*z + 60. Suppose 0 = z*m - 85 - 3815. What are the prime factors of m?
2, 5, 13
List the prime factors of 12*(-11 + 345/30) + (28458 - -2).
2, 43, 331
Let y = -24221 - -28755. What are the prime factors of y?
2, 2267
Suppose 0 = 3*r - 4*c - 55002, -2*c + 3869 = 4*r - 69445. What are the prime factors of r?
2, 3, 5, 13, 47
Suppose 2*n - 15779 = u + 77744, 93509 = 2*n + u. What are the prime factors of n?
2, 3, 7793
List the prime factors of (-52)/42 + (-44)/(-77) - (-147265)/15.
9817
Let t(o) = -3*o - 13. Let m be t(-8). Let d(b) = 4*b**2 - 2*b - 27. Let s be d(m). Suppose -2*a = 3*a - s. What are the prime factors of a?
3, 29
Let f be (-231)/22*(-1 + -2 + 5). What are the prime factors of ((-1335)/(-20))/(f/(-196))?
7, 89
Let h(m) = -24 - 19*m**3 - 9*m - 12*m - 14 + 6*m**2 + 20*m**3. List the prime factors of h(-6).
2, 11
Let v(d) = 51199*d**2 + 12*d - 9. What are the prime factors of v(-1)?
2, 25589
Let t(y) = -128 + 213 + 86*y - 106. What are the prime factors of t(5)?
409
Let m = -14584 + 24753. List the prime factors of m.
10169
Suppose 0*w + 16 = -4*w, -5*y + 217 = -3*w. Let t = y + -25. Let k(p) = 3*p - 19. What are the prime factors of k(t)?
29
Let w be (-1)/(-4 + 10975/2745). Let t = w + -122. Let b = t + -191. List the prime factors of b.
2, 59
Suppose 0 = 5*s + 5*d + 5, -5*s - 3 = 3*d - 0. Suppose -y - 9 + 12 = s. Suppose 7 - y = i. What are the prime factors of i?
2
Suppose -223*b = -64*b - 8560878. What are the prime factors of b?
2, 26921
Let h be (-4)/18 - 26/18*-5. Suppose 4*r = h*r - 12, 0 = 4*t + 3*r - 2036. What are the prime factors of t?
2, 11, 23
Let n(g) be the first derivative of g**2 + 32*g - 7. Let p be n(-15). List the prime factors of -5*p*(-190)/25.
2, 19
Let r = 63586 + -31141. List the prime factors of r.
3, 5, 7, 103
Let q(a) = -4464*a - 492. What are the prime factors of q(-2)?
2, 3, 19, 37
Suppose -r = -z + r + 90, -3*z + 238 = 2*r. Let a = z + -29. Suppose 3*t - 189 = -5*c, -c + 5*t = -a + 4. What are the prime factors of c?
3, 13
Suppose 3*m + 12809 = -3*c + 44495, 3*m - 42254 = -4*c. List the prime factors of c.
2, 1321
Let f = -110 - -137. List the prime factors of 9/(f/(-354))*(2 - 3).
2, 59
Let t(k) = -637*k - 12. Let d be t(-3). Let f = d + -1194. List the prime factors of f.
3, 5, 47
Suppose -82417 = -2*k + c, -24*k + 28*k - 164869 = -5*c. What are the prime factors of k?
3, 19, 241
Let y(f) = f**3 + f**2 + 2*f + 13. Let p be y(8). Suppose 5*m = 45 + p. List the prime factors of m.
2, 5, 13
Let i(a) = 15*a**3 + 9*a**2 - 6*a + 3. Let p be i(7). List the prime factors of (-13)/(-117)*p + 4/(-3).
3, 5, 41
Suppose -2*b - 2*b + 63165 = -3*p, 5*b = 5*p + 78955. What are the prime factors of b?
2, 3, 7, 47
Suppose n + 101754 = 4*f, -f - 4*n + 21287 = -4160. List the prime factors of f.
25439
Let g(z) = z**2 - z + 33. Suppose 4*x = -2*x + 7*x. Let v be g(x). Suppose -n + v = -118. What are the prime factors of n?
151
Let z be (-3346)/(-21) - (22/(-6) + 3). List the prime factors of (-16512)/z*((-7)/3 + -1).
2, 43
Let f(a) = -a**3 + 15*a**2 + 35*a + 6. Let m be f(17). Let z = m + 66. List the prime factors of z.
89
Let c(k) = 2*k**3 - 13*k**2 + 6*k - 5. Let p(b) = -4*b - 3. Let f be p(-3). Let d be c(f). Let q = d + -275. What are the prime factors of q?
179
Suppose 0 = -81*j + 1176006 - 317730. List the prime factors of j.
2, 3, 883
Let i(d) = -8 - 306*d + 0 + 70*d. List the prime factors of i(-1).
2, 3, 19
Let q be 5068/2 - (0 - -2). Let u = 5347 + -5333. Suppose 2*m + q = u*m. What are the prime factors of m?
211
Let t(p) = 2*p**3 + 5*p**2 - 2*p + 19. Let c be t(4). Suppose 4*n + 54 = h + c, h + 5 = 0. What are the prime factors of n?
2, 5
Let i(s) = 36*s**2 + 100*s - 166. What are the prime factors of i(29)?
2, 5, 3301
Suppose 0 = -19*a + 1028 - 287. Suppose a*n = 34*n + 2445. What are the prime factors of n?
3, 163
Let t(l) = 5*l**2 - 16*l + 1. Let z(u) = 4*u**2 - 15*u. Let m(v) = 5*v - 22. Let o be m(3). Let g(a) = o*z(a) + 6*t(a). What are the prime factors of g(6)?
2, 3, 11
Suppose 2*m = 4*j - 6*j - 6, 0 = -m + j - 13. Let q(d) = -3*d**3 - 18*d**2 + 9*d + 1. What are the prime factors of q(m)?
313
Suppose 0 = -5*g + 64 + 41. Let z(k) = k**2 - 16*k + 41. Let m be z(g). Suppose 3*t = 4*u + 625, 2*t - u - m = 274. List the prime factors of t.
211
What are the prime factors of ((-10)/(-8))/(3/103830*(-95)/(-38))?
5, 3461
Let n(c) = 3*c**2 - 20*c + 54. Let s(v) = -v**2 + 7*v - 18. Let d(o) = -6*n(o) - 17*s(o). Let l be d(11). List the prime factors of -3 + (-3)/(6/l).
61
Suppose -d + 21 = 9. Let z(c) = c**3 - 5*c**2 - 6*c + 10. Let g be z(6). List the prime factors of ((-444)/g)/(d/(-60)).
2, 3, 37
Suppose -6*t - 60 = -t - 4*x, 3*x = 15. What are the prime factors of (3 + 1045)*(-2)/t?
2, 131
Let u(x) = 20*x**3 - 2*x**2 - 6*x + 50. List the prime factors of u(6).
2, 2131
Let c be -5*((-36)/(-15))/3. Let m(h) = h**3 + 6*h**2 - 6*h - 4. Let j be m(c). Suppose -2*y + 0*y = -j. What are the prime factors of y?
2, 13
Let n(z) = -6*z**3 - 3*z**2 - 10*z - 22. Let v be n(-3). Let d = -111 - -156. Let m = v - d. List the prime factors of m.
2, 7
List the prime factors of (-1)/5*1 - ((-389940)/75 + -14).
13, 401
Suppose 7*i = -3*i + 130. Suppose -i*f + 4 = -12*f. Suppose -3*q + 430 = 5*r, f*q = -0*r + 4*r - 376. What are the prime factors of r?
89
Suppose -32*o = -29*o - 3. Let u be 3/(3/53) + o. Let y = -49 + u. List the prime factors of y.
5
Suppose -2*y - 2*y + 42187 = 5*z, 3*z - 25327 = 5*y. What are the prime factors of z?
3, 29, 97
Suppose 0 = 87*n - 93*n + 432. Suppose n*f - 69*f - 513 = 0. What are the prime factors of f?
3, 19
Let d(x) = x**2 - x. Let m(s) = 2*s**3 + s**2 + 2*s + 1. Let f(c) = -3*d(c) - m(c). Let h be f(-5). Suppose -4*u + 124 = -h. What are the prime factors of u?
67
Let i be (3 - (-3044)/8) + 10/(-20). Suppose i = -24*o + 26*o + p, -951 = -5*o + 4*p. List the prime factors of o.
191
Let d(l) = 2*l**3 - 12 + 133*l**2 - 124*l**2 + 2*l - 3*l**3. Let x be d(9). Suppose -x*v + 2*v = -184. What are the prime factors of v?
2, 23
Let g(h) = 2*h**2 + 3*h - 19. Let y be g(4). Let b = y + -23. Suppose 6*v = 3*p + b*v - 26, 0 = p + 3*v - 26. What are the prime factors of p?
2, 7
Suppose 0 = 19*n + 39596 - 247760. List the prime factors of n.
2, 3, 11, 83
Let z be (-16)/12*(-1 - 1131/(-6)). Let q = z - -784. What are the prime factors of q?
2, 3, 89
Suppose 42*b = 35*b + 616. Suppose -z - 3 = 54. Let l = z + b. What are the prime factors of l?
31
Let x(t) = 0*t + 13*t + 15*t + 4. Suppose 2*k = -5*s - 9, -15*s = -17*s - 6. What are the prime factors of x(k)?
2, 11
Suppose 392 = -16*t + 18*t. Let j = -22 + t. List the prime factors of j.
2, 3, 29
Let b(a) = 1493*a**2 - 203*a - 817. What are the prime factors of b(-4)?
3, 19, 419
Let l = 32 + 34888. List the prime factors of l.
2, 3, 5, 97
Let i = 665 + -413. Let v = i - 163. What are the prime factors of v?
89
Suppose -403*a + 397*a - 1074 = 0. Let w = 790 - a. What are the prime factors of w?
3, 17, 19
Let p = -105031 - -148806. List the prime factors of p.
5, 17, 103
Let j(v) = 11*v**3 + 207*v**2 - 